


















{"id":184,"date":"2018-11-27T19:16:37","date_gmt":"2018-11-27T17:16:37","guid":{"rendered":"http:\/\/84.88.82.27\/pq19\/?page_id=184"},"modified":"2020-05-05T16:11:58","modified_gmt":"2020-05-05T14:11:58","slug":"seccio-paisos-i-regions","status":"publish","type":"page","link":"https:\/\/pq19.institutdelteatre.cat\/en\/countries-and-regions-section\/","title":{"rendered":"COUNTRIES AND REGIONS section"},"content":{"rendered":"<p>Our participation in the Countries and Regions section comes from the desire to showcase the richness of scenographic activity in Catalonia that is made up by a wide range of professional profiles and creative interests. With this objective we have brought together two generations, one with an established career and the other younger and just starting to be recognised. The latter has been asked to come up with an open exhibition idea based on the theme of six scenographers of the previous generation.<\/p>\n<p>The professionals who are the subject of the installation represent six very different ways of understanding the craft. Each one has explored quite specific fields of reflection and creation and has helped to expand and enrich the scenographic activity of Catalonia. We are talking about <strong>Anna Alcubierre<\/strong>, <strong>Paco Azor\u00edn<\/strong>, <strong>Cube.bz<\/strong>, <strong>S\u00edlvia Delagneau<\/strong>, <strong>Max Glaenzel<\/strong> and <strong>Eugenio Szwarcer<\/strong>.<\/p>\n<p>The four young professionals invited to create the Catalonia installation are two scenographers and two dramaturges who graduated in the last few years from the Institut del Teatre: <strong>Laura Clos \u201cClosca\u201d<\/strong>, <strong>Pau Masal\u00f3<\/strong>, <strong>Xesca Salv\u00e0<\/strong> and <strong>Marc Villanueva<\/strong>. They propose a performing game, an interactive installation, which while revising and reflecting on diverse social conflicts that happened between 2004 and 2018 in Barcelona allows us to get to know the six scenographers, or the reverse, playing with the scenographers gives us the possibility of learning about six recent conflicts experienced in Catalonia.<\/p>","protected":false},"excerpt":{"rendered":"<p>Our participation in the Countries and Regions section comes from the desire to showcase the richness of scenographic activity in Catalonia that is made up by a wide range of professional profiles and creative interests. With this objective we have brought together two generations, one with an established career and the other younger and just &#8230; <a title=\"COUNTRIES AND REGIONS section\" class=\"read-more\" href=\"https:\/\/pq19.institutdelteatre.cat\/en\/countries-and-regions-section\/\" aria-label=\"More on COUNTRIES AND REGIONS section\">Read more<\/a><\/p>\n","protected":false},"author":1,"featured_media":1728,"parent":0,"menu_order":5,"comment_status":"closed","ping_status":"closed","template":"","meta":[],"yoast_head":"<!-- This site is optimized with the Yoast SEO plugin v14.9 - https:\/\/yoast.com\/wordpress\/plugins\/seo\/ -->\n<title>COUNTRIES AND REGIONS section - PQ19-Catalunya - INSTITUT DEL TEATRE<\/title>\n<meta name=\"description\" content=\"(Catal\u00e0) La nostra participaci\u00f3 a la secci\u00f3 de Pa\u00efsos i Regions neix amb la voluntat de visualitzar la riquesa de l\u2019activitat escenogr\u00e0fica a Catalunya, configurada per una gran varietat de perfils professionals i d\u2019interessos creatius. Amb aquest objectiu hem posat en contacte dues generacions, l\u2019una amb una traject\u00f2ria professional consolidada i l\u2019altra, m\u00e9s jove i que comen\u00e7a a ser reconeguda. La segona ha rebut l\u2019enc\u00e0rrec de fer una proposta expositiva lliure tenint com a tema de fons sis escen\u00f2grafs de l\u2019anterior generaci\u00f3.\" \/>\n<meta name=\"robots\" content=\"index, follow, max-snippet:-1, max-image-preview:large, max-video-preview:-1\" \/>\n<link rel=\"canonical\" href=\"http:\/\/pq19.institutdelteatre.cat\/seccio-paisos-i-regions\/\" \/>\n<meta property=\"og:locale\" content=\"en_US\" \/>\n<meta property=\"og:type\" content=\"article\" \/>\n<meta property=\"og:title\" content=\"COUNTRIES AND REGIONS section - PQ19-Catalunya - INSTITUT DEL TEATRE\" \/>\n<meta property=\"og:description\" content=\"{:ca}La nostra participaci\u00f3 a la secci\u00f3 de Pa\u00efsos i Regions neix amb la voluntat de visualitzar la riquesa de l\u2019activitat escenogr\u00e0fica a Catalunya, configurada per una gran varietat de perfils professionals i d\u2019interessos creatius. Amb aquest objectiu hem posat en contacte dues generacions, l\u2019una amb una traject\u00f2ria professional consolidada i l\u2019altra, m\u00e9s jove i que comen\u00e7a a ser reconeguda. La segona ha rebut l\u2019enc\u00e0rrec de fer una proposta expositiva lliure tenint com a tema de fons sis escen\u00f2grafs de l\u2019anterior generaci\u00f3.{:}\" \/>\n<meta property=\"og:url\" content=\"http:\/\/pq19.institutdelteatre.cat\/seccio-paisos-i-regions\/\" \/>\n<meta property=\"og:site_name\" content=\"PQ19-Catalunya - INSTITUT DEL TEATRE\" \/>\n<meta property=\"article:modified_time\" content=\"2020-05-05T14:11:58+00:00\" \/>\n<meta property=\"og:image\" content=\"https:\/\/pq19.institutdelteatre.cat\/wp-content\/uploads\/paisos-i-regions_pq_19.jpg\" \/>\n\t<meta property=\"og:image:width\" content=\"1350\" \/>\n\t<meta property=\"og:image:height\" content=\"900\" \/>\n<meta name=\"twitter:card\" content=\"summary_large_image\" \/>\n<script type=\"application\/ld+json\" class=\"yoast-schema-graph\">{\"@context\":\"https:\/\/schema.org\",\"@graph\":[{\"@type\":\"Organization\",\"@id\":\"https:\/\/pq19.institutdelteatre.cat\/en\/#organization\",\"name\":\"Institut del teatre\",\"url\":\"https:\/\/pq19.institutdelteatre.cat\/en\/\",\"sameAs\":[],\"logo\":{\"@type\":\"ImageObject\",\"@id\":\"https:\/\/pq19.institutdelteatre.cat\/en\/#logo\",\"inLanguage\":\"en-US\",\"url\":\"https:\/\/pq19.institutdelteatre.cat\/wp-content\/uploads\/2018\/10\/logo_institut-teatre.png\",\"width\":280,\"height\":69,\"caption\":\"Institut del teatre\"},\"image\":{\"@id\":\"https:\/\/pq19.institutdelteatre.cat\/en\/#logo\"}},{\"@type\":\"WebSite\",\"@id\":\"https:\/\/pq19.institutdelteatre.cat\/en\/#website\",\"url\":\"https:\/\/pq19.institutdelteatre.cat\/en\/\",\"name\":\"PQ19-Catalunya - INSTITUT DEL TEATRE\",\"description\":\"INSTITUT DEL TEATRE\",\"publisher\":{\"@id\":\"https:\/\/pq19.institutdelteatre.cat\/en\/#organization\"},\"potentialAction\":[{\"@type\":\"SearchAction\",\"target\":\"https:\/\/pq19.institutdelteatre.cat\/en\/?s={search_term_string}\",\"query-input\":\"required name=search_term_string\"}],\"inLanguage\":\"en-US\"},{\"@type\":\"ImageObject\",\"@id\":\"http:\/\/pq19.institutdelteatre.cat\/seccio-paisos-i-regions\/#primaryimage\",\"inLanguage\":\"en-US\",\"url\":\"https:\/\/pq19.institutdelteatre.cat\/wp-content\/uploads\/paisos-i-regions_pq_19.jpg\",\"width\":1350,\"height\":900,\"caption\":\"\\u00a9 2019 \\u2013 Equip Audiovisuals. Institut del Teatre\"},{\"@type\":\"WebPage\",\"@id\":\"http:\/\/pq19.institutdelteatre.cat\/seccio-paisos-i-regions\/#webpage\",\"url\":\"http:\/\/pq19.institutdelteatre.cat\/seccio-paisos-i-regions\/\",\"name\":\"COUNTRIES AND REGIONS section - PQ19-Catalunya - INSTITUT DEL TEATRE\",\"isPartOf\":{\"@id\":\"https:\/\/pq19.institutdelteatre.cat\/en\/#website\"},\"primaryImageOfPage\":{\"@id\":\"http:\/\/pq19.institutdelteatre.cat\/seccio-paisos-i-regions\/#primaryimage\"},\"datePublished\":\"2018-11-27T17:16:37+00:00\",\"dateModified\":\"2020-05-05T14:11:58+00:00\",\"description\":\"{:ca}La nostra participaci\\u00f3 a la secci\\u00f3 de Pa\\u00efsos i Regions neix amb la voluntat de visualitzar la riquesa de l\\u2019activitat escenogr\\u00e0fica a Catalunya, configurada per una gran varietat de perfils professionals i d\\u2019interessos creatius. Amb aquest objectiu hem posat en contacte dues generacions, l\\u2019una amb una traject\\u00f2ria professional consolidada i l\\u2019altra, m\\u00e9s jove i que comen\\u00e7a a ser reconeguda. La segona ha rebut l\\u2019enc\\u00e0rrec de fer una proposta expositiva lliure tenint com a tema de fons sis escen\\u00f2grafs de l\\u2019anterior generaci\\u00f3.{:}\",\"breadcrumb\":{\"@id\":\"http:\/\/pq19.institutdelteatre.cat\/seccio-paisos-i-regions\/#breadcrumb\"},\"inLanguage\":\"en-US\",\"potentialAction\":[{\"@type\":\"ReadAction\",\"target\":[\"http:\/\/pq19.institutdelteatre.cat\/seccio-paisos-i-regions\/\"]}]},{\"@type\":\"BreadcrumbList\",\"@id\":\"http:\/\/pq19.institutdelteatre.cat\/seccio-paisos-i-regions\/#breadcrumb\",\"itemListElement\":[{\"@type\":\"ListItem\",\"position\":1,\"item\":{\"@type\":\"WebPage\",\"@id\":\"http:\/\/pq19.institutdelteatre.cat\/\",\"url\":\"http:\/\/pq19.institutdelteatre.cat\/\",\"name\":\"Home\"}},{\"@type\":\"ListItem\",\"position\":2,\"item\":{\"@type\":\"WebPage\",\"@id\":\"http:\/\/pq19.institutdelteatre.cat\/seccio-paisos-i-regions\/\",\"url\":\"http:\/\/pq19.institutdelteatre.cat\/seccio-paisos-i-regions\/\",\"name\":\"Secci\\u00f3 PA\\u00cfSOS I REGIONS\"}}]}]}<\/script>\n<!-- \/ Yoast SEO plugin. -->","_links":{"self":[{"href":"https:\/\/pq19.institutdelteatre.cat\/en\/wp-json\/wp\/v2\/pages\/184"}],"collection":[{"href":"https:\/\/pq19.institutdelteatre.cat\/en\/wp-json\/wp\/v2\/pages"}],"about":[{"href":"https:\/\/pq19.institutdelteatre.cat\/en\/wp-json\/wp\/v2\/types\/page"}],"author":[{"embeddable":true,"href":"https:\/\/pq19.institutdelteatre.cat\/en\/wp-json\/wp\/v2\/users\/1"}],"replies":[{"embeddable":true,"href":"https:\/\/pq19.institutdelteatre.cat\/en\/wp-json\/wp\/v2\/comments?post=184"}],"version-history":[{"count":9,"href":"https:\/\/pq19.institutdelteatre.cat\/en\/wp-json\/wp\/v2\/pages\/184\/revisions"}],"predecessor-version":[{"id":1803,"href":"https:\/\/pq19.institutdelteatre.cat\/en\/wp-json\/wp\/v2\/pages\/184\/revisions\/1803"}],"wp:featuredmedia":[{"embeddable":true,"href":"https:\/\/pq19.institutdelteatre.cat\/en\/wp-json\/wp\/v2\/media\/1728"}],"wp:attachment":[{"href":"https:\/\/pq19.institutdelteatre.cat\/en\/wp-json\/wp\/v2\/media?parent=184"}],"curies":[{"name":"wp","href":"https:\/\/api.w.org\/{rel}","templated":true}]}}

<p>Our participation in the Countries and Regions section comes from the desire to showcase the richness of scenographic activity in Catalonia that is made up by a wide range of professional profiles and creative interests. With this objective we have brought together two generations, one with an established career and the other younger and just starting to be recognised. The latter has been asked to come up with an open exhibition idea based on the theme of six scenographers of the previous generation.</p>
<p>The professionals who are the subject of the installation represent six very different ways of understanding the craft. Each one has explored quite specific fields of reflection and creation and has helped to expand and enrich the scenographic activity of Catalonia. We are talking about <strong>Anna Alcubierre</strong>, <strong>Paco Azorín</strong>, <strong>Cube.bz</strong>, <strong>Sílvia Delagneau</strong>, <strong>Max Glaenzel</strong> and <strong>Eugenio Szwarcer</strong>.</p>
<p>The four young professionals invited to create the Catalonia installation are two scenographers and two dramaturges who graduated in the last few years from the Institut del Teatre: <strong>Laura Clos “Closca”</strong>, <strong>Pau Masaló</strong>, <strong>Xesca Salvà</strong> and <strong>Marc Villanueva</strong>. They propose a performing game, an interactive installation, which while revising and reflecting on diverse social conflicts that happened between 2004 and 2018 in Barcelona allows us to get to know the six scenographers, or the reverse, playing with the scenographers gives us the possibility of learning about six recent conflicts experienced in Catalonia.</p>

<!-- This site is optimized with the Yoast SEO plugin v14.9 - https://yoast.com/wordpress/plugins/seo/ -->
<title>COUNTRIES AND REGIONS section - PQ19-Catalunya - INSTITUT DEL TEATRE</title>
<meta name="description" content="(Català) La nostra participació a la secció de Països i Regions neix amb la voluntat de visualitzar la riquesa de l’activitat escenogràfica a Catalunya, configurada per una gran varietat de perfils professionals i d’interessos creatius. Amb aquest objectiu hem posat en contacte dues generacions, l’una amb una trajectòria professional consolidada i l’altra, més jove i que comença a ser reconeguda. La segona ha rebut l’encàrrec de fer una proposta expositiva lliure tenint com a tema de fons sis escenògrafs de l’anterior generació." />
<meta name="robots" content="index, follow, max-snippet:-1, max-image-preview:large, max-video-preview:-1" />
<link rel="canonical" href="http://pq19.institutdelteatre.cat/seccio-paisos-i-regions/" />
<meta property="og:locale" content="en_US" />
<meta property="og:type" content="article" />
<meta property="og:title" content="COUNTRIES AND REGIONS section - PQ19-Catalunya - INSTITUT DEL TEATRE" />
<meta property="og:description" content="{:ca}La nostra participació a la secció de Països i Regions neix amb la voluntat de visualitzar la riquesa de l’activitat escenogràfica a Catalunya, configurada per una gran varietat de perfils professionals i d’interessos creatius. Amb aquest objectiu hem posat en contacte dues generacions, l’una amb una trajectòria professional consolidada i l’altra, més jove i que comença a ser reconeguda. La segona ha rebut l’encàrrec de fer una proposta expositiva lliure tenint com a tema de fons sis escenògrafs de l’anterior generació.{:}" />
<meta property="og:url" content="http://pq19.institutdelteatre.cat/seccio-paisos-i-regions/" />
<meta property="og:site_name" content="PQ19-Catalunya - INSTITUT DEL TEATRE" />
<meta property="article:modified_time" content="2020-05-05T14:11:58+00:00" />
<meta property="og:image" content="https://pq19.institutdelteatre.cat/wp-content/uploads/paisos-i-regions_pq_19.jpg" />
	<meta property="og:image:width" content="1350" />
	<meta property="og:image:height" content="900" />
<meta name="twitter:card" content="summary_large_image" />
<script type="application/ld+json" class="yoast-schema-graph">{"@context":"https://schema.org","@graph":[{"@type":"Organization","@id":"https://pq19.institutdelteatre.cat/en/#organization","name":"Institut del teatre","url":"https://pq19.institutdelteatre.cat/en/","sameAs":[],"logo":{"@type":"ImageObject","@id":"https://pq19.institutdelteatre.cat/en/#logo","inLanguage":"en-US","url":"https://pq19.institutdelteatre.cat/wp-content/uploads/2018/10/logo_institut-teatre.png","width":280,"height":69,"caption":"Institut del teatre"},"image":{"@id":"https://pq19.institutdelteatre.cat/en/#logo"}},{"@type":"WebSite","@id":"https://pq19.institutdelteatre.cat/en/#website","url":"https://pq19.institutdelteatre.cat/en/","name":"PQ19-Catalunya - INSTITUT DEL TEATRE","description":"INSTITUT DEL TEATRE","publisher":{"@id":"https://pq19.institutdelteatre.cat/en/#organization"},"potentialAction":[{"@type":"SearchAction","target":"https://pq19.institutdelteatre.cat/en/?s={search_term_string}","query-input":"required name=search_term_string"}],"inLanguage":"en-US"},{"@type":"ImageObject","@id":"http://pq19.institutdelteatre.cat/seccio-paisos-i-regions/#primaryimage","inLanguage":"en-US","url":"https://pq19.institutdelteatre.cat/wp-content/uploads/paisos-i-regions_pq_19.jpg","width":1350,"height":900,"caption":"\u00a9 2019 \u2013 Equip Audiovisuals. Institut del Teatre"},{"@type":"WebPage","@id":"http://pq19.institutdelteatre.cat/seccio-paisos-i-regions/#webpage","url":"http://pq19.institutdelteatre.cat/seccio-paisos-i-regions/","name":"COUNTRIES AND REGIONS section - PQ19-Catalunya - INSTITUT DEL TEATRE","isPartOf":{"@id":"https://pq19.institutdelteatre.cat/en/#website"},"primaryImageOfPage":{"@id":"http://pq19.institutdelteatre.cat/seccio-paisos-i-regions/#primaryimage"},"datePublished":"2018-11-27T17:16:37+00:00","dateModified":"2020-05-05T14:11:58+00:00","description":"{:ca}La nostra participaci\u00f3 a la secci\u00f3 de Pa\u00efsos i Regions neix amb la voluntat de visualitzar la riquesa de l\u2019activitat escenogr\u00e0fica a Catalunya, configurada per una gran varietat de perfils professionals i d\u2019interessos creatius. Amb aquest objectiu hem posat en contacte dues generacions, l\u2019una amb una traject\u00f2ria professional consolidada i l\u2019altra, m\u00e9s jove i que comen\u00e7a a ser reconeguda. La segona ha rebut l\u2019enc\u00e0rrec de fer una proposta expositiva lliure tenint com a tema de fons sis escen\u00f2grafs de l\u2019anterior generaci\u00f3.{:}","breadcrumb":{"@id":"http://pq19.institutdelteatre.cat/seccio-paisos-i-regions/#breadcrumb"},"inLanguage":"en-US","potentialAction":[{"@type":"ReadAction","target":["http://pq19.institutdelteatre.cat/seccio-paisos-i-regions/"]}]},{"@type":"BreadcrumbList","@id":"http://pq19.institutdelteatre.cat/seccio-paisos-i-regions/#breadcrumb","itemListElement":[{"@type":"ListItem","position":1,"item":{"@type":"WebPage","@id":"http://pq19.institutdelteatre.cat/","url":"http://pq19.institutdelteatre.cat/","name":"Home"}},{"@type":"ListItem","position":2,"item":{"@type":"WebPage","@id":"http://pq19.institutdelteatre.cat/seccio-paisos-i-regions/","url":"http://pq19.institutdelteatre.cat/seccio-paisos-i-regions/","name":"Secci\u00f3 PA\u00cfSOS I REGIONS"}}]}]}</script>
<!-- / Yoast SEO plugin. -->
