


















{"id":409,"date":"2018-12-04T14:20:53","date_gmt":"2018-12-04T12:20:53","guid":{"rendered":"http:\/\/pq19.institutdelteatre.cat\/?page_id=409"},"modified":"2020-05-05T16:22:16","modified_gmt":"2020-05-05T14:22:16","slug":"max-glaenzel","status":"publish","type":"page","link":"https:\/\/pq19.institutdelteatre.cat\/en\/countries-and-regions-section\/participating-scenographers\/max-glaenzel\/","title":{"rendered":"MAX GLAENZEL"},"content":{"rendered":"<p>Graduated in Industrial Design at Escola Massana, Barcelona. He works as a scenographer since1994. He is a usual team member of \u00c0lex Rigola, Carlota Subir\u00f3s, Marcos Morau, Sergi Belbel,Xavier Albert\u00ed and David Selvas, among others. His works have been shown in theaters such asTeatre Nacional de Catalunya, Teatre Lliure, Sala Beckett, Centro Dram\u00e1tico Nacional,Schaub\u00fchne and Schauspielhaus D\u00fcsseldorf. In the last three years, he has worked withG\u00f6teborgs Operans Danskompani, The Royal Danish Theater, Teatro Stabile del V\u00e9neto, Teatrosdel Canal and Mercat de les Flors.<\/p>","protected":false},"excerpt":{"rendered":"<p>Graduated in Industrial Design at Escola Massana, Barcelona. He works as a scenographer since1994. He is a usual team member of \u00c0lex Rigola, Carlota Subir\u00f3s, Marcos Morau, Sergi Belbel,Xavier Albert\u00ed and David Selvas, among others. His works have been shown in theaters such asTeatre Nacional de Catalunya, Teatre Lliure, Sala Beckett, Centro Dram\u00e1tico Nacional,Schaub\u00fchne and &#8230; <a title=\"MAX GLAENZEL\" class=\"read-more\" href=\"https:\/\/pq19.institutdelteatre.cat\/en\/countries-and-regions-section\/participating-scenographers\/max-glaenzel\/\" aria-label=\"More on MAX GLAENZEL\">Read more<\/a><\/p>\n","protected":false},"author":1,"featured_media":1157,"parent":331,"menu_order":4,"comment_status":"closed","ping_status":"closed","template":"","meta":[],"yoast_head":"<!-- This site is optimized with the Yoast SEO plugin v14.9 - https:\/\/yoast.com\/wordpress\/plugins\/seo\/ -->\n<title>MAX GLAENZEL - PQ19-Catalunya - INSTITUT DEL TEATRE<\/title>\n<meta name=\"robots\" content=\"index, follow, max-snippet:-1, max-image-preview:large, max-video-preview:-1\" \/>\n<link rel=\"canonical\" href=\"http:\/\/pq19.institutdelteatre.cat\/seccio-paisos-i-regions\/escenografes-participants\/max-glaenzel\/\" \/>\n<meta property=\"og:locale\" content=\"en_US\" \/>\n<meta property=\"og:type\" content=\"article\" \/>\n<meta property=\"og:title\" content=\"MAX GLAENZEL - PQ19-Catalunya - INSTITUT DEL TEATRE\" \/>\n<meta property=\"og:description\" content=\"Graduated in Industrial Design at Escola Massana, Barcelona. He works as a scenographer since1994. He is a usual team member of \u00c0lex Rigola, Carlota Subir\u00f3s, Marcos Morau, Sergi Belbel,Xavier Albert\u00ed and David Selvas, among others. His works have been shown in theaters such asTeatre Nacional de Catalunya, Teatre Lliure, Sala Beckett, Centro Dram\u00e1tico Nacional,Schaub\u00fchne and ... Read more\" \/>\n<meta property=\"og:url\" content=\"http:\/\/pq19.institutdelteatre.cat\/seccio-paisos-i-regions\/escenografes-participants\/max-glaenzel\/\" \/>\n<meta property=\"og:site_name\" content=\"PQ19-Catalunya - INSTITUT DEL TEATRE\" \/>\n<meta property=\"article:modified_time\" content=\"2020-05-05T14:22:16+00:00\" \/>\n<meta property=\"og:image\" content=\"https:\/\/pq19.institutdelteatre.cat\/wp-content\/uploads\/2.4.3.5_Foto_Portada_Glaenzel.jpg\" \/>\n\t<meta property=\"og:image:width\" content=\"1280\" \/>\n\t<meta property=\"og:image:height\" content=\"853\" \/>\n<meta name=\"twitter:card\" content=\"summary_large_image\" \/>\n<script type=\"application\/ld+json\" class=\"yoast-schema-graph\">{\"@context\":\"https:\/\/schema.org\",\"@graph\":[{\"@type\":\"Organization\",\"@id\":\"https:\/\/pq19.institutdelteatre.cat\/en\/#organization\",\"name\":\"Institut del teatre\",\"url\":\"https:\/\/pq19.institutdelteatre.cat\/en\/\",\"sameAs\":[],\"logo\":{\"@type\":\"ImageObject\",\"@id\":\"https:\/\/pq19.institutdelteatre.cat\/en\/#logo\",\"inLanguage\":\"en-US\",\"url\":\"https:\/\/pq19.institutdelteatre.cat\/wp-content\/uploads\/2018\/10\/logo_institut-teatre.png\",\"width\":280,\"height\":69,\"caption\":\"Institut del teatre\"},\"image\":{\"@id\":\"https:\/\/pq19.institutdelteatre.cat\/en\/#logo\"}},{\"@type\":\"WebSite\",\"@id\":\"https:\/\/pq19.institutdelteatre.cat\/en\/#website\",\"url\":\"https:\/\/pq19.institutdelteatre.cat\/en\/\",\"name\":\"PQ19-Catalunya - INSTITUT DEL TEATRE\",\"description\":\"INSTITUT DEL TEATRE\",\"publisher\":{\"@id\":\"https:\/\/pq19.institutdelteatre.cat\/en\/#organization\"},\"potentialAction\":[{\"@type\":\"SearchAction\",\"target\":\"https:\/\/pq19.institutdelteatre.cat\/en\/?s={search_term_string}\",\"query-input\":\"required name=search_term_string\"}],\"inLanguage\":\"en-US\"},{\"@type\":\"ImageObject\",\"@id\":\"http:\/\/pq19.institutdelteatre.cat\/seccio-paisos-i-regions\/escenografes-participants\/max-glaenzel\/#primaryimage\",\"inLanguage\":\"en-US\",\"url\":\"https:\/\/pq19.institutdelteatre.cat\/wp-content\/uploads\/2.4.3.5_Foto_Portada_Glaenzel.jpg\",\"width\":1280,\"height\":853,\"caption\":\"\\u00a9 2019 - Equip Audiovisuals. Institut del Teatre\"},{\"@type\":\"WebPage\",\"@id\":\"http:\/\/pq19.institutdelteatre.cat\/seccio-paisos-i-regions\/escenografes-participants\/max-glaenzel\/#webpage\",\"url\":\"http:\/\/pq19.institutdelteatre.cat\/seccio-paisos-i-regions\/escenografes-participants\/max-glaenzel\/\",\"name\":\"MAX GLAENZEL - PQ19-Catalunya - INSTITUT DEL TEATRE\",\"isPartOf\":{\"@id\":\"https:\/\/pq19.institutdelteatre.cat\/en\/#website\"},\"primaryImageOfPage\":{\"@id\":\"http:\/\/pq19.institutdelteatre.cat\/seccio-paisos-i-regions\/escenografes-participants\/max-glaenzel\/#primaryimage\"},\"datePublished\":\"2018-12-04T12:20:53+00:00\",\"dateModified\":\"2020-05-05T14:22:16+00:00\",\"breadcrumb\":{\"@id\":\"http:\/\/pq19.institutdelteatre.cat\/seccio-paisos-i-regions\/escenografes-participants\/max-glaenzel\/#breadcrumb\"},\"inLanguage\":\"en-US\",\"potentialAction\":[{\"@type\":\"ReadAction\",\"target\":[\"http:\/\/pq19.institutdelteatre.cat\/seccio-paisos-i-regions\/escenografes-participants\/max-glaenzel\/\"]}]},{\"@type\":\"BreadcrumbList\",\"@id\":\"http:\/\/pq19.institutdelteatre.cat\/seccio-paisos-i-regions\/escenografes-participants\/max-glaenzel\/#breadcrumb\",\"itemListElement\":[{\"@type\":\"ListItem\",\"position\":1,\"item\":{\"@type\":\"WebPage\",\"@id\":\"http:\/\/pq19.institutdelteatre.cat\/\",\"url\":\"http:\/\/pq19.institutdelteatre.cat\/\",\"name\":\"Home\"}},{\"@type\":\"ListItem\",\"position\":2,\"item\":{\"@type\":\"WebPage\",\"@id\":\"http:\/\/pq19.institutdelteatre.cat\/seccio-paisos-i-regions\/\",\"url\":\"http:\/\/pq19.institutdelteatre.cat\/seccio-paisos-i-regions\/\",\"name\":\"Secci\\u00f3 PA\\u00cfSOS I REGIONS\"}},{\"@type\":\"ListItem\",\"position\":3,\"item\":{\"@type\":\"WebPage\",\"@id\":\"http:\/\/pq19.institutdelteatre.cat\/seccio-paisos-i-regions\/escenografes-participants\/\",\"url\":\"http:\/\/pq19.institutdelteatre.cat\/seccio-paisos-i-regions\/escenografes-participants\/\",\"name\":\"ESCEN\\u00d2GRAFES PARTICIPANTS\"}},{\"@type\":\"ListItem\",\"position\":4,\"item\":{\"@type\":\"WebPage\",\"@id\":\"http:\/\/pq19.institutdelteatre.cat\/seccio-paisos-i-regions\/escenografes-participants\/max-glaenzel\/\",\"url\":\"http:\/\/pq19.institutdelteatre.cat\/seccio-paisos-i-regions\/escenografes-participants\/max-glaenzel\/\",\"name\":\"MAX GLAENZEL\"}}]}]}<\/script>\n<!-- \/ Yoast SEO plugin. -->","_links":{"self":[{"href":"https:\/\/pq19.institutdelteatre.cat\/en\/wp-json\/wp\/v2\/pages\/409"}],"collection":[{"href":"https:\/\/pq19.institutdelteatre.cat\/en\/wp-json\/wp\/v2\/pages"}],"about":[{"href":"https:\/\/pq19.institutdelteatre.cat\/en\/wp-json\/wp\/v2\/types\/page"}],"author":[{"embeddable":true,"href":"https:\/\/pq19.institutdelteatre.cat\/en\/wp-json\/wp\/v2\/users\/1"}],"replies":[{"embeddable":true,"href":"https:\/\/pq19.institutdelteatre.cat\/en\/wp-json\/wp\/v2\/comments?post=409"}],"version-history":[{"count":9,"href":"https:\/\/pq19.institutdelteatre.cat\/en\/wp-json\/wp\/v2\/pages\/409\/revisions"}],"predecessor-version":[{"id":1805,"href":"https:\/\/pq19.institutdelteatre.cat\/en\/wp-json\/wp\/v2\/pages\/409\/revisions\/1805"}],"up":[{"embeddable":true,"href":"https:\/\/pq19.institutdelteatre.cat\/en\/wp-json\/wp\/v2\/pages\/331"}],"wp:featuredmedia":[{"embeddable":true,"href":"https:\/\/pq19.institutdelteatre.cat\/en\/wp-json\/wp\/v2\/media\/1157"}],"wp:attachment":[{"href":"https:\/\/pq19.institutdelteatre.cat\/en\/wp-json\/wp\/v2\/media?parent=409"}],"curies":[{"name":"wp","href":"https:\/\/api.w.org\/{rel}","templated":true}]}}

<p>Graduated in Industrial Design at Escola Massana, Barcelona. He works as a scenographer since1994. He is a usual team member of Àlex Rigola, Carlota Subirós, Marcos Morau, Sergi Belbel,Xavier Albertí and David Selvas, among others. His works have been shown in theaters such asTeatre Nacional de Catalunya, Teatre Lliure, Sala Beckett, Centro Dramático Nacional,Schaubühne and Schauspielhaus Düsseldorf. In the last three years, he has worked withGöteborgs Operans Danskompani, The Royal Danish Theater, Teatro Stabile del Véneto, Teatrosdel Canal and Mercat de les Flors.</p>

<p>Graduated in Industrial Design at Escola Massana, Barcelona. He works as a scenographer since1994. He is a usual team member of Àlex Rigola, Carlota Subirós, Marcos Morau, Sergi Belbel,Xavier Albertí and David Selvas, among others. His works have been shown in theaters such asTeatre Nacional de Catalunya, Teatre Lliure, Sala Beckett, Centro Dramático Nacional,Schaubühne and &#8230; <a title="MAX GLAENZEL" class="read-more" href="https://pq19.institutdelteatre.cat/en/countries-and-regions-section/participating-scenographers/max-glaenzel/" aria-label="More on MAX GLAENZEL">Read more</a></p>

<!-- This site is optimized with the Yoast SEO plugin v14.9 - https://yoast.com/wordpress/plugins/seo/ -->
<title>MAX GLAENZEL - PQ19-Catalunya - INSTITUT DEL TEATRE</title>
<meta name="robots" content="index, follow, max-snippet:-1, max-image-preview:large, max-video-preview:-1" />
<link rel="canonical" href="http://pq19.institutdelteatre.cat/seccio-paisos-i-regions/escenografes-participants/max-glaenzel/" />
<meta property="og:locale" content="en_US" />
<meta property="og:type" content="article" />
<meta property="og:title" content="MAX GLAENZEL - PQ19-Catalunya - INSTITUT DEL TEATRE" />
<meta property="og:description" content="Graduated in Industrial Design at Escola Massana, Barcelona. He works as a scenographer since1994. He is a usual team member of Àlex Rigola, Carlota Subirós, Marcos Morau, Sergi Belbel,Xavier Albertí and David Selvas, among others. His works have been shown in theaters such asTeatre Nacional de Catalunya, Teatre Lliure, Sala Beckett, Centro Dramático Nacional,Schaubühne and ... Read more" />
<meta property="og:url" content="http://pq19.institutdelteatre.cat/seccio-paisos-i-regions/escenografes-participants/max-glaenzel/" />
<meta property="og:site_name" content="PQ19-Catalunya - INSTITUT DEL TEATRE" />
<meta property="article:modified_time" content="2020-05-05T14:22:16+00:00" />
<meta property="og:image" content="https://pq19.institutdelteatre.cat/wp-content/uploads/2.4.3.5_Foto_Portada_Glaenzel.jpg" />
	<meta property="og:image:width" content="1280" />
	<meta property="og:image:height" content="853" />
<meta name="twitter:card" content="summary_large_image" />
<script type="application/ld+json" class="yoast-schema-graph">{"@context":"https://schema.org","@graph":[{"@type":"Organization","@id":"https://pq19.institutdelteatre.cat/en/#organization","name":"Institut del teatre","url":"https://pq19.institutdelteatre.cat/en/","sameAs":[],"logo":{"@type":"ImageObject","@id":"https://pq19.institutdelteatre.cat/en/#logo","inLanguage":"en-US","url":"https://pq19.institutdelteatre.cat/wp-content/uploads/2018/10/logo_institut-teatre.png","width":280,"height":69,"caption":"Institut del teatre"},"image":{"@id":"https://pq19.institutdelteatre.cat/en/#logo"}},{"@type":"WebSite","@id":"https://pq19.institutdelteatre.cat/en/#website","url":"https://pq19.institutdelteatre.cat/en/","name":"PQ19-Catalunya - INSTITUT DEL TEATRE","description":"INSTITUT DEL TEATRE","publisher":{"@id":"https://pq19.institutdelteatre.cat/en/#organization"},"potentialAction":[{"@type":"SearchAction","target":"https://pq19.institutdelteatre.cat/en/?s={search_term_string}","query-input":"required name=search_term_string"}],"inLanguage":"en-US"},{"@type":"ImageObject","@id":"http://pq19.institutdelteatre.cat/seccio-paisos-i-regions/escenografes-participants/max-glaenzel/#primaryimage","inLanguage":"en-US","url":"https://pq19.institutdelteatre.cat/wp-content/uploads/2.4.3.5_Foto_Portada_Glaenzel.jpg","width":1280,"height":853,"caption":"\u00a9 2019 - Equip Audiovisuals. Institut del Teatre"},{"@type":"WebPage","@id":"http://pq19.institutdelteatre.cat/seccio-paisos-i-regions/escenografes-participants/max-glaenzel/#webpage","url":"http://pq19.institutdelteatre.cat/seccio-paisos-i-regions/escenografes-participants/max-glaenzel/","name":"MAX GLAENZEL - PQ19-Catalunya - INSTITUT DEL TEATRE","isPartOf":{"@id":"https://pq19.institutdelteatre.cat/en/#website"},"primaryImageOfPage":{"@id":"http://pq19.institutdelteatre.cat/seccio-paisos-i-regions/escenografes-participants/max-glaenzel/#primaryimage"},"datePublished":"2018-12-04T12:20:53+00:00","dateModified":"2020-05-05T14:22:16+00:00","breadcrumb":{"@id":"http://pq19.institutdelteatre.cat/seccio-paisos-i-regions/escenografes-participants/max-glaenzel/#breadcrumb"},"inLanguage":"en-US","potentialAction":[{"@type":"ReadAction","target":["http://pq19.institutdelteatre.cat/seccio-paisos-i-regions/escenografes-participants/max-glaenzel/"]}]},{"@type":"BreadcrumbList","@id":"http://pq19.institutdelteatre.cat/seccio-paisos-i-regions/escenografes-participants/max-glaenzel/#breadcrumb","itemListElement":[{"@type":"ListItem","position":1,"item":{"@type":"WebPage","@id":"http://pq19.institutdelteatre.cat/","url":"http://pq19.institutdelteatre.cat/","name":"Home"}},{"@type":"ListItem","position":2,"item":{"@type":"WebPage","@id":"http://pq19.institutdelteatre.cat/seccio-paisos-i-regions/","url":"http://pq19.institutdelteatre.cat/seccio-paisos-i-regions/","name":"Secci\u00f3 PA\u00cfSOS I REGIONS"}},{"@type":"ListItem","position":3,"item":{"@type":"WebPage","@id":"http://pq19.institutdelteatre.cat/seccio-paisos-i-regions/escenografes-participants/","url":"http://pq19.institutdelteatre.cat/seccio-paisos-i-regions/escenografes-participants/","name":"ESCEN\u00d2GRAFES PARTICIPANTS"}},{"@type":"ListItem","position":4,"item":{"@type":"WebPage","@id":"http://pq19.institutdelteatre.cat/seccio-paisos-i-regions/escenografes-participants/max-glaenzel/","url":"http://pq19.institutdelteatre.cat/seccio-paisos-i-regions/escenografes-participants/max-glaenzel/","name":"MAX GLAENZEL"}}]}]}</script>
<!-- / Yoast SEO plugin. -->
